{"id":89,"date":"2015-06-23T15:47:04","date_gmt":"2015-06-23T13:47:04","guid":{"rendered":"http:\/\/kubieniec.de\/?page_id=89"},"modified":"2024-01-22T10:48:48","modified_gmt":"2024-01-22T09:48:48","slug":"kosten","status":"publish","type":"page","link":"http:\/\/kubieniec.de\/?page_id=89","title":{"rendered":"Kosten"},"content":{"rendered":"<p>Uns ist es ein pers\u00f6nliches Anliegen, die Beerdigungen w\u00fcrdevoll und feierlich zu gestalten. Ihrem Budget entsprechend unterbreiten wir Ihnen ein transparent gestaltetes Angebot (Kostenvoranschlag), so vermeiden Sie unangenehme \u00dcberraschungen.<br \/>\nSo setzen sich die Kosten f\u00fcr eine Beerdigung im allgemeinen zusammen:<\/p>\n<ul>\n<li><span style=\"line-height: 1.5;\"><strong>Bestatterleistungen<\/strong>: Sarg, Decken und Kissengarnitur, evtl. Schmuckurne, \u00dcberf\u00fchrungen, Tr\u00e4ger f\u00fcr \u00dcberf\u00fchrung, Formalit\u00e4ten (Sterbeurkunden, Organisation der Trauerfeier), Aufgabe der Zeitungsanzeige, Trauerkarten usw.<br \/>\n<\/span><\/li>\n<li><strong>\u00d6ffentliche Geb\u00fchren<\/strong> (Friedhof, Krematorium). Der Anteil dieser Kosten kann erheblich sein. Er l\u00e4sst sich nur im Rahmen eines individuellen Angebots ermitteln.<\/li>\n<li><strong>Fremdkosten:<\/strong> Todesbescheinigung beim Arzt, Standesamtliche Geb\u00fchren f\u00fcr Sterbeurkunden, Organist f\u00fcr Trauerfeiern, Trauer- und Dankesanzeige,\u00a0 <span style=\"line-height: 1.5;\">Trauerdrucksachen, Tr\u00e4ger f\u00fcr die Beisetzung, Cafetafel, evtl. freier Trauerredner, Floristik<\/span><\/li>\n<\/ul>\n","protected":false},"excerpt":{"rendered":"<p>Uns ist es ein pers\u00f6nliches Anliegen, die Beerdigungen w\u00fcrdevoll und feierlich zu gestalten. Ihrem Budget entsprechend unterbreiten wir Ihnen ein transparent gestaltetes Angebot (Kostenvoranschlag), so vermeiden Sie unangenehme \u00dcberraschungen. So setzen sich die Kosten f\u00fcr eine Beerdigung im allgemeinen zusammen: Bestatterleistungen: Sarg, Decken und Kissengarnitur, evtl. Schmuckurne, \u00dcberf\u00fchrungen, Tr\u00e4ger f\u00fcr \u00dcberf\u00fchrung, Formalit\u00e4ten (Sterbeurkunden, Organisation der [&hellip;]<\/p>\n","protected":false},"author":1,"featured_media":0,"parent":0,"menu_order":0,"comment_status":"open","ping_status":"closed","template":"page_kosten.php","meta":[],"_links":{"self":[{"href":"http:\/\/kubieniec.de\/index.php?rest_route=\/wp\/v2\/pages\/89"}],"collection":[{"href":"http:\/\/kubieniec.de\/index.php?rest_route=\/wp\/v2\/pages"}],"about":[{"href":"http:\/\/kubieniec.de\/index.php?rest_route=\/wp\/v2\/types\/page"}],"author":[{"embeddable":true,"href":"http:\/\/kubieniec.de\/index.php?rest_route=\/wp\/v2\/users\/1"}],"replies":[{"embeddable":true,"href":"http:\/\/kubieniec.de\/index.php?rest_route=%2Fwp%2Fv2%2Fcomments&post=89"}],"version-history":[{"count":3,"href":"http:\/\/kubieniec.de\/index.php?rest_route=\/wp\/v2\/pages\/89\/revisions"}],"predecessor-version":[{"id":198,"href":"http:\/\/kubieniec.de\/index.php?rest_route=\/wp\/v2\/pages\/89\/revisions\/198"}],"wp:attachment":[{"href":"http:\/\/kubieniec.de\/index.php?rest_route=%2Fwp%2Fv2%2Fmedia&parent=89"}],"curies":[{"name":"wp","href":"https:\/\/api.w.org\/{rel}","templated":true}]}}