{"id":2,"date":"2015-04-21T11:39:23","date_gmt":"2015-04-21T09:39:23","guid":{"rendered":"http:\/\/kubieniec.de\/?page_id=2"},"modified":"2024-01-22T10:28:11","modified_gmt":"2024-01-22T09:28:11","slug":"start","status":"publish","type":"page","link":"http:\/\/kubieniec.de\/","title":{"rendered":"Start"},"content":{"rendered":"<div class=\"quer\">\n<div class=\"wrapper\">\n<h2>Bestattungen Kubieniec \u2026<br \/>\nIhr pers\u00f6nlicher Bestatter in Greene, Einbeck und Bad Gandersheim sowie Umgebung<\/h2>\n<p>Ein lieber Mensch ist von Ihnen gegangen. Die Erinnerungen an den geliebten Menschen mit seiner Pers\u00f6nlichkeit, seinen liebenswerten Seiten und Hobbys sollen, durch einen unverwechselbaren Rahmen, bewahrt bleiben. Vertrauen Sie in diesen Dingen nicht einer anonymen Institution. Wir sehen Bestattung nicht als Beruf, sondern als Berufung. Wir bieten nicht Routine, sondern Erfahrung. W\u00fcrdevolle Bestattungen sind f\u00fcr uns keine Frage des Geldes, egal \u00fcber welches Budget Sie verf\u00fcgen, wir sehen uns als Ihr pers\u00f6nlicher Berater, der Ihnen in einer sehr emotionalen Zeit f\u00fcrsorglich zur Seite steht.<\/p>\n<\/div>\n<\/div>\n","protected":false},"excerpt":{"rendered":"<p>Bestattungen Kubieniec \u2026 Ihr pers\u00f6nlicher Bestatter in Greene, Einbeck und Bad Gandersheim sowie Umgebung Ein lieber Mensch ist von Ihnen gegangen. Die Erinnerungen an den geliebten Menschen mit seiner Pers\u00f6nlichkeit, seinen liebenswerten Seiten und Hobbys sollen, durch einen unverwechselbaren Rahmen, bewahrt bleiben. Vertrauen Sie in diesen Dingen nicht einer anonymen Institution. Wir sehen Bestattung nicht [&hellip;]<\/p>\n","protected":false},"author":1,"featured_media":0,"parent":0,"menu_order":0,"comment_status":"open","ping_status":"closed","template":"page_start.php","meta":[],"_links":{"self":[{"href":"http:\/\/kubieniec.de\/index.php?rest_route=\/wp\/v2\/pages\/2"}],"collection":[{"href":"http:\/\/kubieniec.de\/index.php?rest_route=\/wp\/v2\/pages"}],"about":[{"href":"http:\/\/kubieniec.de\/index.php?rest_route=\/wp\/v2\/types\/page"}],"author":[{"embeddable":true,"href":"http:\/\/kubieniec.de\/index.php?rest_route=\/wp\/v2\/users\/1"}],"replies":[{"embeddable":true,"href":"http:\/\/kubieniec.de\/index.php?rest_route=%2Fwp%2Fv2%2Fcomments&post=2"}],"version-history":[{"count":7,"href":"http:\/\/kubieniec.de\/index.php?rest_route=\/wp\/v2\/pages\/2\/revisions"}],"predecessor-version":[{"id":194,"href":"http:\/\/kubieniec.de\/index.php?rest_route=\/wp\/v2\/pages\/2\/revisions\/194"}],"wp:attachment":[{"href":"http:\/\/kubieniec.de\/index.php?rest_route=%2Fwp%2Fv2%2Fmedia&parent=2"}],"curies":[{"name":"wp","href":"https:\/\/api.w.org\/{rel}","templated":true}]}}

<div class="quer">
<div class="wrapper">
<h2>Bestattungen Kubieniec …<br />
Ihr persönlicher Bestatter in Greene, Einbeck und Bad Gandersheim sowie Umgebung</h2>
<p>Ein lieber Mensch ist von Ihnen gegangen. Die Erinnerungen an den geliebten Menschen mit seiner Persönlichkeit, seinen liebenswerten Seiten und Hobbys sollen, durch einen unverwechselbaren Rahmen, bewahrt bleiben. Vertrauen Sie in diesen Dingen nicht einer anonymen Institution. Wir sehen Bestattung nicht als Beruf, sondern als Berufung. Wir bieten nicht Routine, sondern Erfahrung. Würdevolle Bestattungen sind für uns keine Frage des Geldes, egal über welches Budget Sie verfügen, wir sehen uns als Ihr persönlicher Berater, der Ihnen in einer sehr emotionalen Zeit fürsorglich zur Seite steht.</p>
</div>
</div>

<p>Bestattungen Kubieniec … Ihr persönlicher Bestatter in Greene, Einbeck und Bad Gandersheim sowie Umgebung Ein lieber Mensch ist von Ihnen gegangen. Die Erinnerungen an den geliebten Menschen mit seiner Persönlichkeit, seinen liebenswerten Seiten und Hobbys sollen, durch einen unverwechselbaren Rahmen, bewahrt bleiben. Vertrauen Sie in diesen Dingen nicht einer anonymen Institution. Wir sehen Bestattung nicht [&hellip;]</p>
